v - 2 + 3 = 0. Let k = -4 - o. Calculate the remainder when 1/k + (-114)/(-5) is divided by 12.
11
Calculate the remainder when 8 + -6 - (-62 - -1) is divided by 13.
11
Let k = -33 - -83. Let d = -9 + 17. What is the remainder when k is divided by 2/d - (-67)/4?
16
Suppose p - 5*m = 6, -3*p + 18 = -2*m + 3*m. Let f = p - 1. What is the remainder when f is divided by 3?
2
Let k = 117 + -76. Let g = 8 + k. Calculate the remainder when g is divided by 17.
15
Let o = 42 + -22. What is the remainder when 97 is divided by o?
17
Suppose b + b + 30 = a, b + 66 = 2*a. What is the remainder when 134 is divided by a?
32
Let f = -25 + 35. Let x = -22 + 51. Calculate the remainder when x is divided by f.
9
Let y(w) = w + 44. What is the remainder when 258 is divided by y(8)?
50
Let q be (4 - 43/(-1)) + 1. Let d = q - 31. What is the remainder when (-4 - -3) + (-132)/(-2) is divided by d?
14
Suppose 0 = -2*i + i + 3. Let y = i + 2. What is the remainder when 18 is divided by y?
3
What is the remainder when 1/2*15/(45/102) is divided by 9?
8
Let q = 46 - 41. Calculate the remainder when 34 is divided by q.
4
Let j(c) = c**2 + 9*c - 11. Let g(y) = -3*y**2 - 19*y + 23. Let l(z) = -2*g(z) - 5*j(z). Let a = 113 + -81. What is the remainder when a is divided by l(8)?
15
Suppose -12 + 63 = 3*r. Suppose -7*z - 11 + 81 = 0. What is the remainder when r is divided by z?
7
Let j(d) = -d**3 + 17*d - 21*d + 6*d**2 + 0*d**3 - 1 - 2. Calculate the remainder when 49 is divided by j(4).
10
Let g = 40 + -28. Suppose 5*y - 10 = 5. Suppose -y*p - 3 = -g. Calculate the remainder when 4 is divided by p.
1
Suppose 3*c - 4*c = -9. What is the remainder when c is divided by 4?
1
Let p be 248/14 + 8/28. Suppose 7 = 5*o - p. Calculate the remainder when 16 is divided by (5 - 3 - 1) + o.
4
What is the remainder when 14/(-3)*36/(-14) is divided by 1*(-1)/(1/(-5))?
2
Let a(i) = -i**3 - 6*i**2 - 6*i + 7. Let t be a(-5). Suppose -2*l - t = -84. Let o(m) = 3*m + 1. What is the remainder when l is divided by o(6)?
17
Let p(i) = -i**2 + 27*i - 28. Calculate the remainder when p(25) is divided by 9.
4
Suppose 0 = -0*c - c. Suppose c = 3*p - 4*p - 79. Let a = 115 + p. Calculate the remainder when a is divided by 19.
17
Let g(b) = -b**2 - 5*b + 8. Let v = 5 - 11. Let u be g(v). Calculate the remainder when 40 is divided by (u/6)/((-1)/(-63)).
19
Suppose 26 = v + 10. Calculate the remainder when 61 is divided by v.
13
Suppose -4*k + 14 = -70. Let j = -2 + 42. What is the remainder when j is divided by k?
19
Let h(d) = -d**2 - d - 1. Let z be h(-1). Let t(y) = -y - 1. Let o be t(z). Calculate the remainder when 33 is divided by 17*(o + 0 - -1).
16
Suppose a + 300 = 4*u, -77 = 4*u + a - 377. Calculate the remainder when u is divided by 19.
18
Let u be 2 + (0 - 0/1). Let r = 31 + -28. Suppose u*t + r = 15. What is the remainder when 11 is divided by t?
5
Let a be 2/(-7) - (-23)/7. Suppose 5 = -3*i + 2, -t = 2*i - 51. Suppose -a*z + t = 5. What is the remainder when 47 is divided by z?
15
Suppose -5*f + 6 = -w, -w + 6*w = 20. Suppose f*v = -v + 66. Calculate the remainder when 86 is divided by v.
20
Let s(o) = -2*o**3 - 2*o**2 + 6*o + 3. Calculate the remainder when s(-4) is divided by 19.
18
Let q(p) = p + 17. What is the remainder when q(0) is divided by 3*(-1 + (-4)/(-1))?
8
Suppose k + 170 = 11*k. What is the remainder when 83 is divided by k?
15
Suppose -7*y - 24 = -3*y. Let p(f) = -2*f - 9. Let s be p(y). What is the remainder when 1 + 1 + 141/s is divided by 17?
15
Suppose 5*w = 4*m + 57, 0 = -w + m + 12 - 0. What is the remainder when w is divided by 3 + -1 + 6 + -3?
4
Let s = 29 + 32. Let b be (-1)/(-4) - (-101)/(-4). Let n = b - -46. What is the remainder when s is divided by n?
19
Suppose -3*d - n + 49 = -3*n, -4*d + 2*n = -64. What is the remainder when 43 is divided by d?
13
Suppose 3*q = -0*q + 63. Calculate the remainder when 60 is divided by q.
18
Suppose -6*a = -5*a - 7. Let k = 5 + 20. Suppose -5*s = -20, k = 4*q - s - a. Calculate the remainder when 25 is divided by q.
7
Let q = -22 + 44. Calculate the remainder when 65 is divided by q.
21
Calculate the remainder when 27 is divided by -3 - ((-18)/2 + -4).
7
Suppose m - 20 = 6*m. Calculate the remainder when (3/m)/((-1)/20) is divided by 8.
7
Let l(f) = -f**2 - 22*f + 32. What is the remainder when 60 is divided by l(-22)?
28
Let w = -97 + 108. Calculate the remainder when 31 is divided by w.
9
Suppose -15 - 67 = -2*i. Suppose i = 2*v - 11. Calculate the remainder when v is divided by 9.
8
Let x = -14 - -10. Let u = 93 - 64. What is the remainder when u is divided by 2/x - 31/(-2)?
14
Suppose -6 = -5*a + 4*a. What is the remainder when 9 is divided by a?
3
Suppose 8 = n - 5*t, -3*n + 0*t + 38 = -t. Suppose s - n = -0*s. Calculate the remainder when s is divided by ((-4)/(-2))/(-2) + 8.
6
Let c(u) = u**3 - 13*u**2 + 17*u - 4. Calculate the remainder when c(12) is divided by 19.
18
Suppose 4*j = 3*h - 444, -4*j + j = -5*h + 729. Calculate the remainder when h is divided by 29.
28
Suppose -2*m + 2*j = -20, 0 = 3*m + 2*j - 40 - 5. Calculate the remainder when m is divided by 8.
5
Suppose 0 = -2*f - 0 + 8. Let z = 2 - -8. What is the remainder when z is divided by f?
2
Suppose -2*a + 5*p = 0, -4*a + 3*p = -p - 12. Let z = a + 29. What is the remainder when 133 is divided by z?
31
Suppose -11 - 10 = -2*q + 3*r, 0 = q + 4*r - 5. What is the remainder when q is divided by 5?
4
Calculate the remainder when 14 is divided by 4*2 + 0/(-8).
6
Suppose 8*n - 60 = 4*n - h, -3*n = -2*h - 34. Calculate the remainder when 81 is divided by n.
11
Let b = 22 + -16. Let d = b - -3. What is the remainder when 24 is divided by d?
6
Suppose h = 6 + 6. Let t = h + 0. Let s = 32 + 3. What is the remainder when s is divided by t?
11
Let b = -24 - -41. Let a = 31 - b. Calculate the remainder when 54 is divided by a.
12
Let q(j) = -j**3 + 2*j**2 + 3*j + 3. What is the remainder when 29 is divided by q(-2)?
3
Suppose 7*p = 9*p. Suppose p = s - 8 - 19. Calculate the remainder when s is divided by 7.
6
Suppose 9 = 5*f - 2*f. Suppose -f*y - 80 = -8*y. Calculate the remainder when y is divided by 9.
7
Let d(j) = -3*j - 8. Let g(z) = 7*z + 17. Let x(b) = 9*d(b) + 4*g(b). Let q(c) = c + 19. Let k be q(-13). What is the remainder when x(k) is divided by 1?
0
Suppose 4*p - 18 = 18. Calculate the remainder when 42 is divided by p.
6
Let y(u) = -4 + 1 + 5 + 5 - 4*u. Calculate the remainder when y(-5) is divided by 10.
7
Suppose -6*t = 3*i - 5*t - 489, t = -3. Calculate the remainder when i is divided by 43.
35
Let j be 2/4*(-4)/(-2). Let q(x) = -2*x**3 + j + 3*x**3 - 2*x**2 + 1 + 7*x**2. Calculate the remainder when 2 is divided by q(-5).
0
Suppose m + 5*i = 29, -2*m - i = 3*m - 25. Suppose -q - 2*q = -m*w, -q = -2*w + 2. Suppose -q*l + 17 = -3*l. Calculate the remainder when l is divided by 9.
8
Suppose 20 = -8*q + 10*q. Let f(g) = -g**3 - 2*g**2 - g. Let u be f(-2). Suppose 0 = -u*j - 10 + 22. What is the remainder when q is divided by j?
4
Suppose 5*i + 63 = 3*s + i, 0 = 3*s + i - 48. What is the remainder when s is divided by 5?
2
Let d(s) = -s**2 + 4*s - 10. Let a be d(-9). What is the remainder when -4 - (-6 - -4) - a is divided by 32?
29
Suppose -n = 2*n - 24. Let f(o) = o**3 - 8*o**2 + 2*o - 3. Calculate the remainder when f(n) is divided by 8.
5
Let m(u) = 3*u**2 + u - 2. Let c be m(-2). Suppose -5*l + x + c = -55, 39 = 4*l + 3*x. Let s = 27 + l. What is the remainder when s is divided by 10?
9
Suppose 0 = -b - b + 44. Suppose 2*x = 5*o - 83, -4*x = -o + 2*o - 21. Suppose -1 + 5 = -4*a, -2*n + a + o = 0. Calculate the remainder when b is divided by n.
6
Let d(c) = 0*c**2 + 7*c**2 + 11*c + 13*c**2 - 13*c. Calculate the remainder when d(-1) is divided by 6.
4
Suppose -u + 21 - 5 = 0. Suppose f - 315 = -4*f. What is the remainder when f is divided by u?
15
Let b(o) = -6*o**3 + o**2. Let p be b(-1). Let y = p - 4. What is the remainder when 30 is divided by 4/6 + 31/y?
8
Suppose l + 5*t - 10 = 0, -3*l + 3*t + 5 + 7 = 0. Suppose l*h - 7 = 2*n, 4*n = -0*n + h + 31. What is the remainder when 15 is divided by n?
6
Suppose i + 13 = 6*i - w, -5*i - 4*w = 2. Suppose 4*z = -4*b + 3*z - 23, -3*b + 5*z = 23. What is the remainder when (0 - (-4)/(-6))*b is divided by i?
0
